{"id":8946,"date":"2015-12-02T10:17:13","date_gmt":"2015-12-02T10:17:13","guid":{"rendered":"http:\/\/mall.cmsmasters.net\/?page_id=8946"},"modified":"2015-12-02T10:17:13","modified_gmt":"2015-12-02T10:17:13","slug":"fashion-style","status":"publish","type":"page","link":"https:\/\/wordpress.visafrava.com\/index.php\/fashion-style\/","title":{"rendered":"Fashion &amp; Style"},"content":{"rendered":"<div id=\"cmsmasters_row_773afcf4cd\" class=\"cmsmasters_row cmsmasters_color_scheme_default cmsmasters_row_top_default cmsmasters_row_bot_default cmsmasters_row_boxed\">\n<div class=\"cmsmasters_row_outer_parent\">\n<div class=\"cmsmasters_row_outer\">\n<div class=\"cmsmasters_row_inner\">\n<div class=\"cmsmasters_row_margin\">\n<div id=\"cmsmasters_column_74f8c2c418\" class=\"cmsmasters_column one_half\">\n<div class=\"cmsmasters_column_inner\"><div id=\"blog_09ca5177e2\" class=\"cmsmasters_wrap_blog entry-summary\" data-layout=\"standard\" data-layout-mode=\"\" data-url=\"https:\/\/wordpress.visafrava.com\/wp-content\/plugins\/cmsmasters-content-composer\/\" data-orderby=\"date\" data-order=\"ASC\" data-count=\"1\" data-categories=\"fashion-style\" data-metadata=\"date,more\" data-pagination=\"disabled\"><div class=\"blog standard\"><\/div><\/div>\n<\/div><\/div>\n<div id=\"cmsmasters_column_46a70a5954\" class=\"cmsmasters_column one_half\">\n<div class=\"cmsmasters_column_inner\"><div class=\"cmsmasters_img  cmsmasters_image_n\"><img src=\"https:\/\/wordpress.visafrava.com\/wp-content\/uploads\/2017\/09\/04.jpg\" \/><\/div>\n<\/div><\/div>\n<\/div>\n<\/div>\n<\/div>\n<\/div>\n<\/div>\n<div id=\"cmsmasters_row_2c8bfb9251\" class=\"cmsmasters_row cmsmasters_color_scheme_default cmsmasters_row_top_default cmsmasters_row_bot_default cmsmasters_row_boxed\">\n<div class=\"cmsmasters_row_outer_parent\">\n<div class=\"cmsmasters_row_outer\">\n<div class=\"cmsmasters_row_inner\">\n<div class=\"cmsmasters_row_margin\">\n<div id=\"cmsmasters_column_54e5708478\" class=\"cmsmasters_column one_first\">\n<div class=\"cmsmasters_column_inner\"><div id=\"cmsmasters_divider_05d6bb0312\" class=\"cmsmasters_divider cmsmasters_divider_width_long cmsmasters_divider_pos_center\"><\/div>\n<\/div><\/div>\n<\/div>\n<\/div>\n<\/div>\n<\/div>\n<\/div>\n<div id=\"cmsmasters_row_b42bbacfe4\" class=\"cmsmasters_row cmsmasters_color_scheme_default cmsmasters_row_top_default cmsmasters_row_bot_default cmsmasters_row_boxed\">\n<div class=\"cmsmasters_row_outer_parent\">\n<div class=\"cmsmasters_row_outer\">\n<div class=\"cmsmasters_row_inner\">\n<div class=\"cmsmasters_row_margin\">\n<div id=\"cmsmasters_column_a26f0eefe3\" class=\"cmsmasters_column one_first\">\n<div class=\"cmsmasters_column_inner\"><div id=\"blog_530cb0a20f\" class=\"cmsmasters_wrap_blog entry-summary\" data-layout=\"columns\" data-layout-mode=\"grid\" data-url=\"https:\/\/wordpress.visafrava.com\/wp-content\/plugins\/cmsmasters-content-composer\/\" data-orderby=\"date\" data-order=\"DESC\" data-count=\"3\" data-categories=\"fashion-style\" data-metadata=\"date,categories\" data-pagination=\"disabled\"><div class=\"blog columns grid cmsmasters_3\"><\/div><\/div>\n<\/div><\/div>\n<\/div>\n<\/div>\n<\/div>\n<\/div>\n<\/div>\n<div id=\"cmsmasters_row_fefc3ce83b\" class=\"cmsmasters_row cmsmasters_color_scheme_default cmsmasters_row_top_default cmsmasters_row_bot_default cmsmasters_row_boxed\">\n<div class=\"cmsmasters_row_outer_parent\">\n<div class=\"cmsmasters_row_outer\">\n<div class=\"cmsmasters_row_inner\">\n<div class=\"cmsmasters_row_margin\">\n<div id=\"cmsmasters_column_6d697a36fa\" class=\"cmsmasters_column one_first\">\n<div class=\"cmsmasters_column_inner\"><div id=\"cmsmasters_divider_46e6996fc3\" class=\"cmsmasters_divider cmsmasters_divider_width_long cmsmasters_divider_pos_center\"><\/div><div id=\"cmsmasters_divider_dc05c5d027\" class=\"cmsmasters_divider cmsmasters_divider_width_long cmsmasters_divider_pos_center\"><\/div><div id=\"blog_224c50f444\" class=\"cmsmasters_wrap_blog entry-summary\" data-layout=\"columns\" data-layout-mode=\"grid\" data-url=\"https:\/\/wordpress.visafrava.com\/wp-content\/plugins\/cmsmasters-content-composer\/\" data-orderby=\"date\" data-order=\"ASC\" data-count=\"8\" data-categories=\"arts,economy,health,politics,science,sports,travel\" data-metadata=\"date,categories\" data-pagination=\"disabled\"><div class=\"blog columns grid cmsmasters_4\"><!-- Start Post Masonry Article -->\r\n<article id=\"post-8036\" class=\"cmsmasters_post_masonry post-8036 post type-post status-publish format-image has-post-thumbnail hentry category-politics category-family post_format-post-format-image\" data-category=\"politics family\">\r\n\t<div class=\"cmsmasters_post_cont\">\r\n\t\t<figure class=\"cmsmasters_img_wrap\"><a href=\"https:\/\/wordpress.visafrava.com\/wp-content\/uploads\/2017\/05\/google-productivity.png\" title=\"C\u00f3mo ser tan productivo como un empleado de Google\" rel=\"ilightbox[img_8036_69d88ee403dcf]\" class=\"cmsmasters_img_link\"><img width=\"500\" height=\"390\" src=\"https:\/\/wordpress.visafrava.com\/wp-content\/uploads\/2017\/05\/google-productivity.png\" class=\" wp-post-image\" alt=\"C\u00f3mo ser tan productivo como un empleado de Google\" decoding=\"async\" loading=\"lazy\" title=\"google-productivity\" srcset=\"https:\/\/wordpress.visafrava.com\/wp-content\/uploads\/2017\/05\/google-productivity.png 500w, https:\/\/wordpress.visafrava.com\/wp-content\/uploads\/2017\/05\/google-productivity-300x234.png 300w\" sizes=\"(max-width: 500px) 100vw, 500px\" \/><\/a><\/figure><div class=\"cmsmasters_post_cont_info entry-meta\"><span class=\"cmsmasters_post_date\"><abbr class=\"published\" title=\"10 de mayo de 2017\"><span class=\"cmsmasters_day_mon\">mayo 10, <\/span><span class=\"cmsmasters_year\">2017<\/span><\/abbr><abbr class=\"dn date updated\" title=\"4 de julio de 2023\">4 de julio de 2023<\/abbr><\/span><span class=\"cmsmasters_post_category\"><a href=\"https:\/\/wordpress.visafrava.com\/index.php\/category\/politics\/\" class=\"cmsmasters_cat_color cmsmasters_cat_17\" rel=\"category tag\">Empleados<\/a>, <a href=\"https:\/\/wordpress.visafrava.com\/index.php\/category\/family\/\" class=\"cmsmasters_cat_color cmsmasters_cat_11\" rel=\"category tag\">Familia Corporativa<\/a><\/span><\/div><header class=\"cmsmasters_post_header entry-header\"><h3 class=\"cmsmasters_post_title entry-title\"><a href=\"https:\/\/wordpress.visafrava.com\/index.php\/2017\/05\/10\/how-to-be-as-productive-as-a-google-employee\/\">C\u00f3mo ser tan productivo como un empleado de Google<\/a><\/h3><\/header><div class=\"cmsmasters_post_content entry-content\">\n<p>En la era digital, Google es una de las compa\u00f1\u00edas m\u00e1s poderosas del mundo. <\/p>\n<\/div>\n\t<\/div>\r\n<\/article>\r\n<!-- Finish Post Masonry Article -->\r\n\r\n<!-- Start Post Masonry Article -->\r\n<article id=\"post-1965\" class=\"cmsmasters_post_masonry post-1965 post type-post status-publish format-image has-post-thumbnail hentry category-politics post_format-post-format-image\" data-category=\"politics\">\r\n\t<div class=\"cmsmasters_post_cont\">\r\n\t\t<figure class=\"cmsmasters_img_wrap\"><a href=\"https:\/\/wordpress.visafrava.com\/wp-content\/uploads\/2017\/05\/caferesto.jpg\" title=\"Obtenga el mejor catering para su boda de verano en Guayaquil\" rel=\"ilightbox[img_1965_69d88ee404d1f]\" class=\"cmsmasters_img_link\"><img width=\"370\" height=\"362\" src=\"https:\/\/wordpress.visafrava.com\/wp-content\/uploads\/2017\/05\/caferesto.jpg\" class=\" wp-post-image\" alt=\"Obtenga el mejor catering para su boda de verano en Guayaquil\" decoding=\"async\" loading=\"lazy\" title=\"caferesto\" srcset=\"https:\/\/wordpress.visafrava.com\/wp-content\/uploads\/2017\/05\/caferesto.jpg 370w, https:\/\/wordpress.visafrava.com\/wp-content\/uploads\/2017\/05\/caferesto-300x294.jpg 300w\" sizes=\"(max-width: 370px) 100vw, 370px\" \/><\/a><\/figure><div class=\"cmsmasters_post_cont_info entry-meta\"><span class=\"cmsmasters_post_date\"><abbr class=\"published\" title=\"13 de mayo de 2017\"><span class=\"cmsmasters_day_mon\">mayo 13, <\/span><span class=\"cmsmasters_year\">2017<\/span><\/abbr><abbr class=\"dn date updated\" title=\"4 de julio de 2023\">4 de julio de 2023<\/abbr><\/span><span class=\"cmsmasters_post_category\"><a href=\"https:\/\/wordpress.visafrava.com\/index.php\/category\/politics\/\" class=\"cmsmasters_cat_color cmsmasters_cat_17\" rel=\"category tag\">Empleados<\/a><\/span><\/div><header class=\"cmsmasters_post_header entry-header\"><h3 class=\"cmsmasters_post_title entry-title\"><a href=\"https:\/\/wordpress.visafrava.com\/index.php\/2017\/05\/13\/get-the-best-catering-for-your-summer-wedding-in-philly\/\">Obtenga el mejor catering para su boda de verano en Guayaquil<\/a><\/h3><\/header><div class=\"cmsmasters_post_content entry-content\">\n<p>ClubLunch\u00a0es una empresa que se dedica a los\u00a0Servicios de Alimentaci\u00f3n & Catering\u00a0en la ciudad de\u00a0Guayaquil.<\/p>\n<\/div>\n\t<\/div>\r\n<\/article>\r\n<!-- Finish Post Masonry Article -->\r\n\r\n<!-- Start Post Masonry Article -->\r\n<article id=\"post-285\" class=\"cmsmasters_post_masonry post-285 post type-post status-publish format-standard has-post-thumbnail hentry category-politics category-health tag-salud\" data-category=\"politics health\">\r\n\t<div class=\"cmsmasters_post_cont\">\r\n\t\t<figure class=\"cmsmasters_img_wrap\"><a href=\"https:\/\/wordpress.visafrava.com\/index.php\/2017\/05\/23\/physiological-responses-to-rock-climbing-in-young-climbers\/\" title=\"Examenes fisiologicos para nuestros empleados\" class=\"cmsmasters_img_link preloader\"><img width=\"577\" height=\"410\" src=\"https:\/\/wordpress.visafrava.com\/wp-content\/uploads\/2017\/05\/ssss.jpg\" class=\"full-width wp-post-image\" alt=\"Examenes fisiologicos para nuestros empleados\" decoding=\"async\" loading=\"lazy\" title=\"ssss\" srcset=\"https:\/\/wordpress.visafrava.com\/wp-content\/uploads\/2017\/05\/ssss.jpg 577w, https:\/\/wordpress.visafrava.com\/wp-content\/uploads\/2017\/05\/ssss-300x213.jpg 300w\" sizes=\"(max-width: 577px) 100vw, 577px\" \/><\/a><\/figure><div class=\"cmsmasters_post_cont_info entry-meta\"><span class=\"cmsmasters_post_date\"><abbr class=\"published\" title=\"23 de mayo de 2017\"><span class=\"cmsmasters_day_mon\">mayo 23, <\/span><span class=\"cmsmasters_year\">2017<\/span><\/abbr><abbr class=\"dn date updated\" title=\"4 de julio de 2023\">4 de julio de 2023<\/abbr><\/span><span class=\"cmsmasters_post_category\"><a href=\"https:\/\/wordpress.visafrava.com\/index.php\/category\/politics\/\" class=\"cmsmasters_cat_color cmsmasters_cat_17\" rel=\"category tag\">Empleados<\/a>, <a href=\"https:\/\/wordpress.visafrava.com\/index.php\/category\/health\/\" class=\"cmsmasters_cat_color cmsmasters_cat_14\" rel=\"category tag\">Salud<\/a><\/span><\/div><header class=\"cmsmasters_post_header entry-header\"><h3 class=\"cmsmasters_post_title entry-title\"><a href=\"https:\/\/wordpress.visafrava.com\/index.php\/2017\/05\/23\/physiological-responses-to-rock-climbing-in-young-climbers\/\">Examenes fisiologicos para nuestros empleados<\/a><\/h3><\/header><div class=\"cmsmasters_post_content entry-content\">\n<p>Desde la perspectiva fisiol\u00f3gica se puede analizar el efecto de la privaci\u00f3n de sue\u00f1o a trav\u00e9s de muchos indicadores en personas como pueden ser por ejemplo<br \/>\nla frecuencia card\u00edaca, presi\u00f3n sangu\u00ednea, temperatura corporal, secreci\u00f3n hormonal y funci\u00f3n del sistema inmune.<\/p>\n<\/div>\n\t<\/div>\r\n<\/article>\r\n<!-- Finish Post Masonry Article -->\r\n\r\n<!-- Start Post Masonry Article -->\r\n<article id=\"post-13287\" class=\"cmsmasters_post_masonry post-13287 post type-post status-publish format-standard has-post-thumbnail hentry category-politics category-main tag-e-c tag-g-y tag-negocio tag-world\" data-category=\"politics main\">\r\n\t<div class=\"cmsmasters_post_cont\">\r\n\t\t<figure class=\"cmsmasters_img_wrap\"><a href=\"https:\/\/wordpress.visafrava.com\/index.php\/2017\/07\/15\/sex-education-based-on-abstinence-theres-a-real-absence-of-evidence\/\" title=\"NUEVO COMPA\u00d1ERO: Bienvenido Iv\u00e1n\" class=\"cmsmasters_img_link preloader\"><img width=\"580\" height=\"440\" src=\"https:\/\/wordpress.visafrava.com\/wp-content\/uploads\/2017\/07\/01-2-860x484-copia-580x440.jpg\" class=\"full-width wp-post-image\" alt=\"NUEVO COMPA\u00d1ERO: Bienvenido Iv\u00e1n\" decoding=\"async\" loading=\"lazy\" title=\"01-2-860x484 - copia\" \/><\/a><\/figure><div class=\"cmsmasters_post_cont_info entry-meta\"><span class=\"cmsmasters_post_date\"><abbr class=\"published\" title=\"15 de julio de 2017\"><span class=\"cmsmasters_day_mon\">julio 15, <\/span><span class=\"cmsmasters_year\">2017<\/span><\/abbr><abbr class=\"dn date updated\" title=\"30 de junio de 2023\">30 de junio de 2023<\/abbr><\/span><span class=\"cmsmasters_post_category\"><a href=\"https:\/\/wordpress.visafrava.com\/index.php\/category\/politics\/\" class=\"cmsmasters_cat_color cmsmasters_cat_17\" rel=\"category tag\">Empleados<\/a>, <a href=\"https:\/\/wordpress.visafrava.com\/index.php\/category\/main\/\" class=\"cmsmasters_cat_color cmsmasters_cat_16\" rel=\"category tag\">Principal<\/a><\/span><\/div><header class=\"cmsmasters_post_header entry-header\"><h3 class=\"cmsmasters_post_title entry-title\"><a href=\"https:\/\/wordpress.visafrava.com\/index.php\/2017\/07\/15\/sex-education-based-on-abstinence-theres-a-real-absence-of-evidence\/\">NUEVO COMPA\u00d1ERO: Bienvenido Iv\u00e1n<\/a><\/h3><\/header><div class=\"cmsmasters_post_content entry-content\">\n<p>Damos la cordial bienvenida al nuevo compa\u00f1ero Ivan Vera que se va a incorporar en el departamento de finanzas.<\/p>\n<\/div>\n\t<\/div>\r\n<\/article>\r\n<!-- Finish Post Masonry Article -->\r\n\r\n<!-- Start Post Masonry Article -->\r\n<article id=\"post-13518\" class=\"cmsmasters_post_masonry post-13518 post type-post status-publish format-standard has-post-thumbnail hentry category-politics\" data-category=\"politics\">\r\n\t<div class=\"cmsmasters_post_cont\">\r\n\t\t<figure class=\"cmsmasters_img_wrap\"><a href=\"https:\/\/wordpress.visafrava.com\/index.php\/2017\/08\/09\/fresh-food-on-tv-weekend-edition\/\" title=\"\u00bfQu\u00e9 es un pr\u00e9stamo quirografario?\" class=\"cmsmasters_img_link preloader\"><img width=\"300\" height=\"168\" src=\"https:\/\/wordpress.visafrava.com\/wp-content\/uploads\/2017\/08\/images.jpeg\" class=\"full-width wp-post-image\" alt=\"\u00bfQu\u00e9 es un pr\u00e9stamo quirografario?\" decoding=\"async\" loading=\"lazy\" title=\"images\" \/><\/a><\/figure><div class=\"cmsmasters_post_cont_info entry-meta\"><span class=\"cmsmasters_post_date\"><abbr class=\"published\" title=\"9 de agosto de 2017\"><span class=\"cmsmasters_day_mon\">agosto 09, <\/span><span class=\"cmsmasters_year\">2017<\/span><\/abbr><abbr class=\"dn date updated\" title=\"4 de julio de 2023\">4 de julio de 2023<\/abbr><\/span><span class=\"cmsmasters_post_category\"><a href=\"https:\/\/wordpress.visafrava.com\/index.php\/category\/politics\/\" class=\"cmsmasters_cat_color cmsmasters_cat_17\" rel=\"category tag\">Empleados<\/a><\/span><\/div><header class=\"cmsmasters_post_header entry-header\"><h3 class=\"cmsmasters_post_title entry-title\"><a href=\"https:\/\/wordpress.visafrava.com\/index.php\/2017\/08\/09\/fresh-food-on-tv-weekend-edition\/\">\u00bfQu\u00e9 es un pr\u00e9stamo quirografario?<\/a><\/h3><\/header><div class=\"cmsmasters_post_content entry-content\">\n<p>El Pr\u00e9stamo Quirografario\u00a0es destinado para que los afiliados, jubilados y pensionistas, sujetos de cr\u00e9dito<\/p>\n<\/div>\n\t<\/div>\r\n<\/article>\r\n<!-- Finish Post Masonry Article -->\r\n\r\n<!-- Start Post Masonry Article -->\r\n<article id=\"post-13523\" class=\"cmsmasters_post_masonry post-13523 post type-post status-publish format-standard has-post-thumbnail hentry category-economia category-politics\" data-category=\"economia politics\">\r\n\t<div class=\"cmsmasters_post_cont\">\r\n\t\t<figure class=\"cmsmasters_img_wrap\"><a href=\"https:\/\/wordpress.visafrava.com\/index.php\/2017\/08\/13\/a-quick-satisfying-fix-for-weeknight-chicken\/\" title=\"Gu\u00eda para calcular deducci\u00f3n de gastos y pagar menos Impuesto a la Renta\" class=\"cmsmasters_img_link preloader\"><img width=\"580\" height=\"368\" src=\"https:\/\/wordpress.visafrava.com\/wp-content\/uploads\/2017\/08\/20230630_170644-580x368.png\" class=\"full-width wp-post-image\" alt=\"Gu\u00eda para calcular deducci\u00f3n de gastos y pagar menos Impuesto a la Renta\" decoding=\"async\" loading=\"lazy\" title=\"20230630_170644\" \/><\/a><\/figure><div class=\"cmsmasters_post_cont_info entry-meta\"><span class=\"cmsmasters_post_date\"><abbr class=\"published\" title=\"13 de agosto de 2017\"><span class=\"cmsmasters_day_mon\">agosto 13, <\/span><span class=\"cmsmasters_year\">2017<\/span><\/abbr><abbr class=\"dn date updated\" title=\"4 de julio de 2023\">4 de julio de 2023<\/abbr><\/span><span class=\"cmsmasters_post_category\"><a href=\"https:\/\/wordpress.visafrava.com\/index.php\/category\/economia\/\" class=\"cmsmasters_cat_color cmsmasters_cat_10\" rel=\"category tag\">Econom\u00eda<\/a>, <a href=\"https:\/\/wordpress.visafrava.com\/index.php\/category\/politics\/\" class=\"cmsmasters_cat_color cmsmasters_cat_17\" rel=\"category tag\">Empleados<\/a><\/span><\/div><header class=\"cmsmasters_post_header entry-header\"><h3 class=\"cmsmasters_post_title entry-title\"><a href=\"https:\/\/wordpress.visafrava.com\/index.php\/2017\/08\/13\/a-quick-satisfying-fix-for-weeknight-chicken\/\">Gu\u00eda para calcular deducci\u00f3n de gastos y pagar menos Impuesto a la Renta<\/a><\/h3><\/header><div class=\"cmsmasters_post_content entry-content\">\n<p>El Servicio de Rentas Internas (SRI) habilit\u00f3 una calculadora virtual para que los contribuyentes conozcan cu\u00e1nto podr\u00e1n deducir de impuesto a la Renta, con la reforma tributaria, que entr\u00f3 en vigencia<\/p>\n<\/div>\n\t<\/div>\r\n<\/article>\r\n<!-- Finish Post Masonry Article -->\r\n\r\n<!-- Start Post Masonry Article -->\r\n<article id=\"post-13531\" class=\"cmsmasters_post_masonry post-13531 post type-post status-publish format-standard has-post-thumbnail hentry category-economia category-politics\" data-category=\"economia politics\">\r\n\t<div class=\"cmsmasters_post_cont\">\r\n\t\t<figure class=\"cmsmasters_img_wrap\"><a href=\"https:\/\/wordpress.visafrava.com\/index.php\/2017\/08\/28\/full-irish-breakfast-in-manhattan\/\" title=\"\u00bfC\u00f3mo aumentar tu puntaje crediticio y mejorar tu perfil financiero?\" class=\"cmsmasters_img_link preloader\"><img width=\"580\" height=\"440\" src=\"https:\/\/wordpress.visafrava.com\/wp-content\/uploads\/2017\/08\/20230630_170335-580x440.png\" class=\"full-width wp-post-image\" alt=\"\u00bfC\u00f3mo aumentar tu puntaje crediticio y mejorar tu perfil financiero?\" decoding=\"async\" loading=\"lazy\" title=\"20230630_170335\" \/><\/a><\/figure><div class=\"cmsmasters_post_cont_info entry-meta\"><span class=\"cmsmasters_post_date\"><abbr class=\"published\" title=\"28 de agosto de 2017\"><span class=\"cmsmasters_day_mon\">agosto 28, <\/span><span class=\"cmsmasters_year\">2017<\/span><\/abbr><abbr class=\"dn date updated\" title=\"4 de julio de 2023\">4 de julio de 2023<\/abbr><\/span><span class=\"cmsmasters_post_category\"><a href=\"https:\/\/wordpress.visafrava.com\/index.php\/category\/economia\/\" class=\"cmsmasters_cat_color cmsmasters_cat_10\" rel=\"category tag\">Econom\u00eda<\/a>, <a href=\"https:\/\/wordpress.visafrava.com\/index.php\/category\/politics\/\" class=\"cmsmasters_cat_color cmsmasters_cat_17\" rel=\"category tag\">Empleados<\/a><\/span><\/div><header class=\"cmsmasters_post_header entry-header\"><h3 class=\"cmsmasters_post_title entry-title\"><a href=\"https:\/\/wordpress.visafrava.com\/index.php\/2017\/08\/28\/full-irish-breakfast-in-manhattan\/\">\u00bfC\u00f3mo aumentar tu puntaje crediticio y mejorar tu perfil financiero?<\/a><\/h3><\/header><div class=\"cmsmasters_post_content entry-content\">\n<p>En este art\u00edculo de finanzas personales se dan pasos para tener un buen historial que puede servir para pr\u00e9stamos, mejores tasas y hasta oportunidades laborales.<\/p>\n<\/div>\n\t<\/div>\r\n<\/article>\r\n<!-- Finish Post Masonry Article -->\r\n\r\n<!-- Start Post Masonry Article -->\r\n<article id=\"post-13534\" class=\"cmsmasters_post_masonry post-13534 post type-post status-publish format-standard has-post-thumbnail hentry category-science\" data-category=\"science\">\r\n\t<div class=\"cmsmasters_post_cont\">\r\n\t\t<figure class=\"cmsmasters_img_wrap\"><a href=\"https:\/\/wordpress.visafrava.com\/index.php\/2017\/08\/31\/a-cool-solution-for-hot-summer-nights\/\" title=\"Dos autores concluyen que el dinero s\u00ed puede comprar la felicidad\" class=\"cmsmasters_img_link preloader\"><img width=\"580\" height=\"351\" src=\"https:\/\/wordpress.visafrava.com\/wp-content\/uploads\/2017\/08\/2ZPK63HBPNEGNO35PQ4LCNCUPQ-580x351.jpg\" class=\"full-width wp-post-image\" alt=\"Dos autores concluyen que el dinero s\u00ed puede comprar la felicidad\" decoding=\"async\" loading=\"lazy\" title=\"2ZPK63HBPNEGNO35PQ4LCNCUPQ\" \/><\/a><\/figure><div class=\"cmsmasters_post_cont_info entry-meta\"><span class=\"cmsmasters_post_date\"><abbr class=\"published\" title=\"31 de agosto de 2017\"><span class=\"cmsmasters_day_mon\">agosto 31, <\/span><span class=\"cmsmasters_year\">2017<\/span><\/abbr><abbr class=\"dn date updated\" title=\"4 de julio de 2023\">4 de julio de 2023<\/abbr><\/span><span class=\"cmsmasters_post_category\"><a href=\"https:\/\/wordpress.visafrava.com\/index.php\/category\/science\/\" class=\"cmsmasters_cat_color cmsmasters_cat_18\" rel=\"category tag\">Ciencia<\/a><\/span><\/div><header class=\"cmsmasters_post_header entry-header\"><h3 class=\"cmsmasters_post_title entry-title\"><a href=\"https:\/\/wordpress.visafrava.com\/index.php\/2017\/08\/31\/a-cool-solution-for-hot-summer-nights\/\">Dos autores concluyen que el dinero s\u00ed puede comprar la felicidad<\/a><\/h3><\/header><div class=\"cmsmasters_post_content entry-content\">\n<p>Las personas que ganan m\u00e1s son m\u00e1s felices porque sienten un cierto control sobre sus vidas, dice el estudio.<\/p>\n<\/div>\n\t<\/div>\r\n<\/article>\r\n<!-- Finish Post Masonry Article -->\r\n\r\n<\/div><\/div>\n<\/div><\/div>\n<\/div>\n<\/div>\n<\/div>\n<\/div>\n<\/div>\n\n","protected":false},"excerpt":{"rendered":"","protected":false},"author":1,"featured_media":0,"parent":0,"menu_order":0,"comment_status":"closed","ping_status":"closed","template":"","meta":[],"_links":{"self":[{"href":"https:\/\/wordpress.visafrava.com\/index.php\/wp-json\/wp\/v2\/pages\/8946"}],"collection":[{"href":"https:\/\/wordpress.visafrava.com\/index.php\/wp-json\/wp\/v2\/pages"}],"about":[{"href":"https:\/\/wordpress.visafrava.com\/index.php\/wp-json\/wp\/v2\/types\/page"}],"author":[{"embeddable":true,"href":"https:\/\/wordpress.visafrava.com\/index.php\/wp-json\/wp\/v2\/users\/1"}],"replies":[{"embeddable":true,"href":"https:\/\/wordpress.visafrava.com\/index.php\/wp-json\/wp\/v2\/comments?post=8946"}],"version-history":[{"count":0,"href":"https:\/\/wordpress.visafrava.com\/index.php\/wp-json\/wp\/v2\/pages\/8946\/revisions"}],"wp:attachment":[{"href":"https:\/\/wordpress.visafrava.com\/index.php\/wp-json\/wp\/v2\/media?parent=8946"}],"curies":[{"name":"wp","href":"https:\/\/api.w.org\/{rel}","templated":true}]}}